, what is 2422450 + -11?
2422438
In base 14, what is 21ca2 + 2c?
21cd0
In base 6, what is -5 + 3544031004?
3544030555
In base 15, what is -73c548 - 15?
-73c55d
In base 11, what is -2 - -10687248?
10687246
In base 8, what is -1120073 + 230?
-1117643
In base 11, what is -22 + -1a78953?
-1a78975
In base 7, what is -11 + -2416003?
-2416014
In base 8, what is 103 + 253141?
253244
In base 14, what is 3b3c5b - a3?
3b3b98
In base 4, what is 100012013002 - -123?
100012013131
In base 16, what is -53e - 6a4e?
-6f8c
In base 8, what is 151303 + 22?
151325
In base 6, what is 23514212 + 301?
23514513
In base 4, what is 32 - 1310003332100?
-1310003332002
In base 9, what is 3223473 - 1?
3223472
In base 5, what is -1333032 - 41?
-1333123
In base 13, what is -5915 - 703?
-6318
In base 6, what is -1321 + 230533?
225212
In base 16, what is 32663f6 - 1b?
32663db
In base 13, what is 2 - 1a4c639a?
-1a4c6398
In base 7, what is 32 - 13220414?
-13220352
In base 7, what is -1005 + 16605246?
16604241
In base 13, what is -402b0031 + 4?
-402b002a
In base 12, what is -873ab7 - 8?
-873b03
In base 8, what is -11072617 + -20?
-11072637
In base 3, what is 212102010 - 10011001?
202021002
In base 14, what is 13 - -1754403?
1754416
In base 7, what is -1630634 - 34?
-1631001
In base 4, what is 11230313011 + 130?
11230313201
In base 8, what is 757435655 + -1?
757435654
In base 2, what is 1101001101001010101001010 - -101?
1101001101001010101001111
In base 3, what is 1112100 + -1110222?
1101
In base 10, what is 0 - 5899834?
-5899834
In base 4, what is -313223123 + 20032?
-313203031
In base 4, what is 11 - 11330032101?
-11330032030
In base 8, what is 14050030 - -60?
14050110
In base 6, what is -24 + 34103525?
34103501
In base 11, what is 78303 - 3a?
78274
In base 3, what is 1001022010001211 - 21?
1001022010001120
In base 2, what is -11011010010101101 - 1101?
-11011010010111010
In base 12, what is -1805 + 5788?
3b83
In base 7, what is 35 + -1226602545?
-1226602510
In base 14, what is -3959b15 + -42?
-3959b57
In base 12, what is 9a5a5 + 162?
9a747
In base 2, what is 1001010 - -1100100011111110000?
1100100100000111010
In base 7, what is -1353156 - -22?
-1353134
In base 9, what is 74751343 + 4?
74751347
In base 10, what is 33299 - -46?
33345
In base 8, what is -3 + 11650165?
11650162
In base 12, what is 198b9a4 + 2?
198b9a6
In base 15, what is 8a8ad82 + 3?
8a8ad85
In base 4, what is 3323 + -12203?
-2220
In base 14, what is 39351a7 - 1?
39351a6
In base 15, what is -10a013 + 23?
-109ee0
In base 8, what is 3 - 1002405305?
-1002405302
In base 16, what is -7f3 + 405e?
386b
In base 13, what is 9 - 33c4228?
-33c421c
In base 13, what is 351b005 - -4?
351b009
In base 4, what is 102131 - 12031003?
-11322212
In base 8, what is -1641220555 + -1?
-1641220556
In base 9, what is 1 + -716251?
-716250
In base 11, what is 36622394 - 1?
36622393
In base 4, what is 32123330132 - 2121?
32123322011
In base 11, what is -2944 - 7088?
-9a21
In base 16, what is 32 - -1406?
1438
In base 4, what is 102 + -2310013320?
-2310013212
In base 4, what is 121303 + 311201223?
311323132
In base 9, what is -345550 + 1144?
-344405
In base 7, what is 0 - 1133022?
-1133022
In base 6, what is -230202 - -301102?
30500
In base 4, what is -2 - 121330123123?
-121330123131
In base 10, what is -1 + -3107153?
-3107154
In base 16, what is -21a774 + -43?
-21a7b7
In base 5, what is -24221323324 + 1?
-24221323323
In base 6, what is -100354 + -1102542?
-1203340
In base 4, what is -10233 + 32013223?
32002330
In base 14, what is -a06 - 7?
-a0d
In base 4, what is 1100022 + -10102013?
-3001331
In base 7, what is 2322 - 16162?
-13540
In base 4, what is 20120111302 - 13?
20120111223
In base 15, what is 10 + 14ba55?
14ba65
In base 4, what is -120100 + 1110111?
330011
In base 9, what is 88837808 - 1?
88837807
In base 2, what is -11011110010011010110001011 - 0?
-11011110010011010110001011
In base 13, what is 1c35319 - 5?
1c35314
In base 10, what is -292564 + 46?
-292518
In base 6, what is 200213 + -21034?
135135
In base 16, what is -24b95f - 2b?
-24b98a
In base 6, what is 2430212244 - 3?
2430212241
In base 16, what is 15 - -28576?
2858b
In base 7, what is -325204260 - -4?
-325204253
In base 16, what is -39431 - -6f?
-393c2
In base 7, what is -2311420 + 53?
-2311334
In base 7, what is -5646 + 221064?
212115
In base 15, what is 4 + -4a397?
-4a393
In base 5, what is -141 + 210120022?
210114331
In base 16, what is -60 - -4e7c?
4e1c
In base 10, what is 112401 - 272?
112129
In base 3, what is 11020112100200202 + 12?
11020112100200221
In base 10, what is -462 + 63640?
63178
In base 7, what is 3244500 - 613?
3243554
In base 15, what is 4 - -2b0441a?
2b0441e
In base 9, what is -30 - 852215?
-852245
In base 4, what is 300100133 + -2002?
300032131
In base 2, what is 1 - 1101000110001000100010110?
-1101000110001000100010101
In base 2, what is -10101110100100111001000 - -11?
-10101110100100111000101
In base 16, what is -2 - -240b58e?
240b58c
In base 15, what is -b439 + 119?
-b320
In base 5, what is -12214321 + 10441?
-12203330
In base 6, what is -32 - -1153505430?
1153505354
In base 9, what is -30432 - -8?
-30423
In base 3, what is 222000202 + -121202?
221102000
In base 11, what is 0 + -32089543?
-32089543
In base 8, what is -65 - 2615071?
-2615156
In base 2, what is -110110111010 + 101000110?
-110001110100
In base 15, what is -1 - -8be6eb3?
8be6eb2
In base 2, what is 101011 - -10110111000001?
10110111101100
In base 2, what is -11 + -11111110011000001000000100?
-11111110011000001000000111
In base 13, what is 108740 - -61?
1087a1
In base 6, what is 41231525 - 101?
41231424
In base 4, what is 112 - 3332331213?
-3332331101
In base 12, what is 100 - -44679?
44779
In base 10, what is -3590 + -135151?
-138741
In base 3, what is 1010111212120 - -122?
1010111220012
In base 9, what is -1 - -802521?
802520
In base 11, what is 2651626 - 5?
2651621
In base 12, what is 1 - -603b9?
603ba
In base 7, what is -3203 + 6606?
3403
In base 2, what is 1011110000100011000011 + -1011111?
1011110000100001100100
In base 15, what is 1ee8a + 7?
1ee92
In base 6, what is 41 - -113023210?
113023251
In base 4, what is 210 + -1100230223?
-1100230013
In base 16, what is 1179673 + -4?
117966f
In base 7, what is -1031442 + -202?
-1031644
In base 14, what is 6410a1 - 85?
64101a
In base 5, what is 13233203140 + 1?
13233203141
In base 4, what is 21302200303012 - 3?
21302200303003
In base 3, what is -20212010102012 - -2202?
-20212010022110
In base 6, what is 1 + 11421232?
11421233
In base 5, what is 2 - -10331433300?
10331433302
In base 11, what is -126 + -19735?
-19860
In base 13, what is 167563 - -818?
16807b
In base 14, what is -4bc855 - 3?
-4bc858
In base 8, what is 11052625 - 1?
11052624
In base 10, what is 219290 - 4?
219286
In base 3, what is -21102 - 2120010210012?
-2120011001121
In base 8, what is -22737474 - 16?
-22737512
In base 10, what is 1326 - 17717?
-16391
In base 16, what is 66250 - -62?
662b2
In base 14, what is -1 - 1b4218ac?
-1b4218ad
In base 6, what is -311 + 143200?
142445
In base 3, what is 20121121210111 + 100?
20121121210211
In base 4, what is -31133303200 + -101?
-31133303301
In base 9, what is -10327 - 77?
-10415
In base 2, what is -111101101100011110110 + 1?
-111101101100011110101
In base 11, what is 88833847 + -2?
88833845
In base 15, what is 74cc3 - -68?
74d3b
In base 9, what is -4 + 5745575?
5745571
In base 14, what is -88b - -3a961?
3a0b4
In base 10, what is 321 - -77024?
77345
In base 12, what is 132b2801a - -2?
132b28020
In base 9, what is 4736 + 7228?
13065
In base 3, what is 1020020011122221211 + -12?
1020020011122221122
In base 8, what is 0 - -10200302?
10200302
In base 11, what is 953189 - -9?
953197
In base 10, what is -959 + 4427?
3468
In base 3, what is -100 - -1102212010002?
1102212002202
In base 5, what is -10334130334 + 3?
-10334130331
In base 2, what is 11100011101100100000 - -11010?
11100011101100111010
In base 16, what is 1870 + -164?
170c
In base 9, what is 2357338 + -85?
2357243
In base 11, what is 1204931 - -218?
1205049
In base 6, what is 30515335 - -541?
30520320
In base 15, what is -abb233 - 3e?
-abb272
In base 12, what is 11 - 681658?
-681647
In base 4, what is -212102002102 - 1?
-212102002103
In base 3, what is -1122202111011202122 + -2?
-1122202